{"id":18,"date":"2016-05-15T10:57:00","date_gmt":"2016-05-15T09:57:00","guid":{"rendered":"http:\/\/sg-mtg-psv-ma.de\/?page_id=18"},"modified":"2023-06-02T17:20:47","modified_gmt":"2023-06-02T16:20:47","slug":"jugend","status":"publish","type":"page","link":"http:\/\/sg-mtg-psv-ma.de\/?page_id=18","title":{"rendered":"Jugend"},"content":{"rendered":"<p>Die Jugend stellt sich vor.<br \/>\nNach ein paar durchwachsenen Jahren, k\u00f6nnen wir in der kommenden Runde wieder mehrere Jugendmannschaften melden.<br \/>\nSo startet unsere weibliche D-Jugend nach einer guten Qualifikation in der 1. Kreisliga.<br \/>\nAus dem gro\u00dfen Zulauf der letzten Monate, konnte sich eine neue m\u00e4nnliche E-Jugend formen. Hier konnten wir au\u00dferdem aus dem Aktiven Bereich neue Trainer gewinnen.<br \/>\nAuch bei den Minis ist der Zulauf enorm, sodass wir in diesem Jahr f\u00fcr die Mini-Runde 2 Mannschaften melden konnten.<br \/>\nIn der kommenden Runde finden zus\u00e4tzlich verschiedene Trainings mit Schulen und Horten aus dem n\u00e4heren Umfeld statt. Hier sollen vor allem die ganz kleinen angesprochen werden (zwischen 3 und 6 Jahren).<br \/>\nGanz klares Ziel ist es, ab dem n\u00e4chsten Jahr auch Super-Minis bei uns anbieten zu k\u00f6nnen.<br \/>\nAllen Mannschaften und Trainern w\u00fcnschen wir viel Gl\u00fcck und Erfolg f\u00fcr die kommende Runde.<\/p>\n","protected":false},"excerpt":{"rendered":"<p>Die Jugend stellt sich vor. Nach ein paar durchwachsenen Jahren, k\u00f6nnen wir in der kommenden Runde wieder mehrere Jugendmannschaften melden. So startet unsere weibliche D-Jugend [&hellip;]<\/p>\n","protected":false},"author":1,"featured_media":0,"parent":0,"menu_order":20,"comment_status":"closed","ping_status":"closed","template":"","meta":{"footnotes":""},"class_list":["post-18","page","type-page","status-publish","hentry","post"],"_links":{"self":[{"href":"http:\/\/sg-mtg-psv-ma.de\/index.php?rest_route=\/wp\/v2\/pages\/18","targetHints":{"allow":["GET"]}}],"collection":[{"href":"http:\/\/sg-mtg-psv-ma.de\/index.php?rest_route=\/wp\/v2\/pages"}],"about":[{"href":"http:\/\/sg-mtg-psv-ma.de\/index.php?rest_route=\/wp\/v2\/types\/page"}],"author":[{"embeddable":true,"href":"http:\/\/sg-mtg-psv-ma.de\/index.php?rest_route=\/wp\/v2\/users\/1"}],"replies":[{"embeddable":true,"href":"http:\/\/sg-mtg-psv-ma.de\/index.php?rest_route=%2Fwp%2Fv2%2Fcomments&post=18"}],"version-history":[{"count":5,"href":"http:\/\/sg-mtg-psv-ma.de\/index.php?rest_route=\/wp\/v2\/pages\/18\/revisions"}],"predecessor-version":[{"id":2063,"href":"http:\/\/sg-mtg-psv-ma.de\/index.php?rest_route=\/wp\/v2\/pages\/18\/revisions\/2063"}],"wp:attachment":[{"href":"http:\/\/sg-mtg-psv-ma.de\/index.php?rest_route=%2Fwp%2Fv2%2Fmedia&parent=18"}],"curies":[{"name":"wp","href":"https:\/\/api.w.org\/{rel}","templated":true}]}}